{"id":6,"date":"2009-09-20T14:34:40","date_gmt":"2009-09-20T12:34:40","guid":{"rendered":"http:\/\/www.nerdhead.de\/blog\/?page_id=6"},"modified":"2024-07-12T19:51:15","modified_gmt":"2024-07-12T17:51:15","slug":"about-imprint","status":"publish","type":"page","link":"https:\/\/www.nerdhead.de\/blog\/about-imprint\/","title":{"rendered":"About \/ Imprint"},"content":{"rendered":"<p>Das Leben als Freizeit Server Betreiber, Softwareentwickler und Admin spiegelt sich in diesem Blog wieder. Ich nutze dieses Blog zur Dokumentation und als Ged\u00e4chtnisst\u00fctze. F\u00fcr eine nicht ganz so technische Sicht auf die Dinge der Welt ist mein <a title=\"tuxianer blog\" href=\"http:\/\/www.tuxianer.de\/blog\/\" target=\"_blank\" rel=\"noopener\">Tuxianer Blog<\/a> gedacht.<\/p>\n<p><strong>Lizenz<\/strong><br \/>\nSoweit nicht anders gekennzeichnet, stehen die Inhalte dieses Blogs unter der Creative Commons CC-BY-NC Lizenz.<\/p>\n<p><strong>Verantwortlicher<\/strong><br \/>\nFabian Walk<br \/>\nOsloer Str. 10<br \/>\n13359 Berlin<\/p>\n<p>E-Mail: fgw(at)nerdhead.de<\/p>\n","protected":false},"excerpt":{"rendered":"<p>Das Leben als Freizeit Server Betreiber, Softwareentwickler und Admin spiegelt sich in diesem Blog wieder. Ich nutze dieses Blog zur Dokumentation und als Ged\u00e4chtnisst\u00fctze. F\u00fcr eine nicht ganz so technische Sicht auf die Dinge der Welt ist mein Tuxianer Blog &hellip; <a href=\"https:\/\/www.nerdhead.de\/blog\/about-imprint\/\">Continue reading <span class=\"meta-nav\">&rarr;<\/span><\/a><\/p>\n","protected":false},"author":2,"featured_media":0,"parent":0,"menu_order":0,"comment_status":"closed","ping_status":"closed","template":"","meta":{"footnotes":""},"class_list":["post-6","page","type-page","status-publish","hentry"],"_links":{"self":[{"href":"https:\/\/www.nerdhead.de\/blog\/wp-json\/wp\/v2\/pages\/6","targetHints":{"allow":["GET"]}}],"collection":[{"href":"https:\/\/www.nerdhead.de\/blog\/wp-json\/wp\/v2\/pages"}],"about":[{"href":"https:\/\/www.nerdhead.de\/blog\/wp-json\/wp\/v2\/types\/page"}],"author":[{"embeddable":true,"href":"https:\/\/www.nerdhead.de\/blog\/wp-json\/wp\/v2\/users\/2"}],"replies":[{"embeddable":true,"href":"https:\/\/www.nerdhead.de\/blog\/wp-json\/wp\/v2\/comments?post=6"}],"version-history":[{"count":10,"href":"https:\/\/www.nerdhead.de\/blog\/wp-json\/wp\/v2\/pages\/6\/revisions"}],"predecessor-version":[{"id":89,"href":"https:\/\/www.nerdhead.de\/blog\/wp-json\/wp\/v2\/pages\/6\/revisions\/89"}],"wp:attachment":[{"href":"https:\/\/www.nerdhead.de\/blog\/wp-json\/wp\/v2\/media?parent=6"}],"curies":[{"name":"wp","href":"https:\/\/api.w.org\/{rel}","templated":true}]}}